{"id":385,"date":"2012-12-21T08:22:19","date_gmt":"2012-12-21T06:22:19","guid":{"rendered":"http:\/\/www.ventbunkers.lv\/?page_id=385"},"modified":"2026-04-08T13:59:03","modified_gmt":"2026-04-08T10:59:03","slug":"konkursi","status":"publish","type":"page","link":"https:\/\/www.ventbunkers.lv\/index.php\/konkursi\/","title":{"rendered":"Konkursi"},"content":{"rendered":"<p><\/p>\n<h3><a href=\"http:\/\/www.ventbunkers.lv\/wp-content\/uploads\/konkursi\/KN080426.pdf\">Konkursa noteikumi_rezervu\u0101ru nr. 4, 5, 6, 7 t\u012br\u012b\u0161ana un sagatavo\u0161ana tehnisk\u0101m p\u0101rbaud\u0113m<\/a><\/h3>\n<hr \/>\n<p>Konkurss izsludin\u0101ts 08.04.2026<br \/>\nPied\u0101v\u0101jumu iesnieg\u0161anas termi\u0146\u0161 22.04.2026 plkst.12:00<\/p>\n<hr \/>\n<p><a href=\"mailto:konkursi@ventbunkers.lv?subject=Konkurs\"><span style=\"color: #0000ff; font-size: small;\">konkursi@ventbunkers.lv<\/span><\/a><\/p>\n<p><span style=\"font-size: small;\">T\u0101lrunis uzzi\u0146\u0101m 63602683.<\/span><\/p>","protected":false},"excerpt":{"rendered":"<p>Konkursa noteikumi_rezervu\u0101ru nr. 4, 5, 6, 7 t\u012br\u012b\u0161ana un sagatavo\u0161ana tehnisk\u0101m p\u0101rbaud\u0113m Konkurss izsludin\u0101ts 08.04.2026 Pied\u0101v\u0101jumu iesnieg\u0161anas termi\u0146\u0161 22.04.2026 plkst.12:00 konkursi@ventbunkers.lv T\u0101lrunis uzzi\u0146\u0101m 63602683.<\/p>\n","protected":false},"author":3,"featured_media":0,"parent":0,"menu_order":0,"comment_status":"closed","ping_status":"open","template":"","meta":{"_acf_changed":false,"footnotes":""},"class_list":["post-385","page","type-page","status-publish","hentry"],"acf":[],"yoast_head":"<!-- This site is optimized with the Yoast SEO plugin v27.2 - https:\/\/yoast.com\/product\/yoast-seo-wordpress\/ -->\r\n<title>Konkursi - Ventbunkers<\/title>\r\n<meta name=\"robots\" content=\"index, follow, max-snippet:-1, max-image-preview:large, max-video-preview:-1\" \/>\r\n<link rel=\"canonical\" href=\"https:\/\/www.ventbunkers.lv\/index.php\/konkursi\/\" \/>\r\n<meta property=\"og:locale\" content=\"lv_LV\" \/>\r\n<meta property=\"og:type\" content=\"article\" \/>\r\n<meta property=\"og:title\" content=\"Konkursi - Ventbunkers\" \/>\r\n<meta property=\"og:description\" content=\"Konkursa noteikumi_rezervu\u0101ru nr. 4, 5, 6, 7 t\u012br\u012b\u0161ana un sagatavo\u0161ana tehnisk\u0101m p\u0101rbaud\u0113m Konkurss izsludin\u0101ts 08.04.2026 Pied\u0101v\u0101jumu iesnieg\u0161anas termi\u0146\u0161 22.04.2026 plkst.12:00 konkursi@ventbunkers.lv T\u0101lrunis uzzi\u0146\u0101m 63602683.\" \/>\r\n<meta property=\"og:url\" content=\"https:\/\/www.ventbunkers.lv\/index.php\/konkursi\/\" \/>\r\n<meta property=\"og:site_name\" content=\"Ventbunkers\" \/>\r\n<meta property=\"article:modified_time\" content=\"2026-04-08T10:59:03+00:00\" \/>\r\n<meta name=\"twitter:card\" content=\"summary_large_image\" \/>\r\n<meta name=\"twitter:label1\" content=\"Est. reading time\" \/>\n\t<meta name=\"twitter:data1\" content=\"1 minute\" \/>\r\n<script type=\"application\/ld+json\" class=\"yoast-schema-graph\">{\"@context\":\"https:\/\/schema.org\",\"@graph\":[{\"@type\":\"WebPage\",\"@id\":\"https:\/\/www.ventbunkers.lv\/index.php\/konkursi\/\",\"url\":\"https:\/\/www.ventbunkers.lv\/index.php\/konkursi\/\",\"name\":\"Konkursi - Ventbunkers\",\"isPartOf\":{\"@id\":\"https:\/\/www.ventbunkers.lv\/#website\"},\"datePublished\":\"2012-12-21T06:22:19+00:00\",\"dateModified\":\"2026-04-08T10:59:03+00:00\",\"breadcrumb\":{\"@id\":\"https:\/\/www.ventbunkers.lv\/index.php\/konkursi\/#breadcrumb\"},\"inLanguage\":\"lv-LV\",\"potentialAction\":[{\"@type\":\"ReadAction\",\"target\":[[\"https:\/\/www.ventbunkers.lv\/index.php\/konkursi\/\"]]}]},{\"@type\":\"BreadcrumbList\",\"@id\":\"https:\/\/www.ventbunkers.lv\/index.php\/konkursi\/#breadcrumb\",\"itemListElement\":[{\"@type\":\"ListItem\",\"position\":1,\"name\":\"Home\",\"item\":\"https:\/\/www.ventbunkers.lv\/\"},{\"@type\":\"ListItem\",\"position\":2,\"name\":\"Tenders\"}]},{\"@type\":\"WebSite\",\"@id\":\"https:\/\/www.ventbunkers.lv\/#website\",\"url\":\"https:\/\/www.ventbunkers.lv\/\",\"name\":\"Ventbunkers\",\"description\":\"Ventbunkers - Ventspils\",\"potentialAction\":[{\"@type\":\"SearchAction\",\"target\":{\"@type\":\"EntryPoint\",\"urlTemplate\":\"https:\/\/www.ventbunkers.lv\/?s={search_term_string}\"},\"query-input\":{\"@type\":\"PropertyValueSpecification\",\"valueRequired\":true,\"valueName\":\"search_term_string\"}}],\"inLanguage\":\"lv-LV\"}]}<\/script>\r\n<!-- \/ Yoast SEO plugin. -->","yoast_head_json":{"title":"Konkursi - Ventbunkers","robots":{"index":"index","follow":"follow","max-snippet":"max-snippet:-1","max-image-preview":"max-image-preview:large","max-video-preview":"max-video-preview:-1"},"canonical":"https:\/\/www.ventbunkers.lv\/index.php\/konkursi\/","og_locale":"lv_LV","og_type":"article","og_title":"Konkursi - Ventbunkers","og_description":"Konkursa noteikumi_rezervu\u0101ru nr. 4, 5, 6, 7 t\u012br\u012b\u0161ana un sagatavo\u0161ana tehnisk\u0101m p\u0101rbaud\u0113m Konkurss izsludin\u0101ts 08.04.2026 Pied\u0101v\u0101jumu iesnieg\u0161anas termi\u0146\u0161 22.04.2026 plkst.12:00 konkursi@ventbunkers.lv T\u0101lrunis uzzi\u0146\u0101m 63602683.","og_url":"https:\/\/www.ventbunkers.lv\/index.php\/konkursi\/","og_site_name":"Ventbunkers","article_modified_time":"2026-04-08T10:59:03+00:00","twitter_card":"summary_large_image","twitter_misc":{"Est. reading time":"1 minute"},"schema":{"@context":"https:\/\/schema.org","@graph":[{"@type":"WebPage","@id":"https:\/\/www.ventbunkers.lv\/index.php\/konkursi\/","url":"https:\/\/www.ventbunkers.lv\/index.php\/konkursi\/","name":"Konkursi - Ventbunkers","isPartOf":{"@id":"https:\/\/www.ventbunkers.lv\/#website"},"datePublished":"2012-12-21T06:22:19+00:00","dateModified":"2026-04-08T10:59:03+00:00","breadcrumb":{"@id":"https:\/\/www.ventbunkers.lv\/index.php\/konkursi\/#breadcrumb"},"inLanguage":"lv-LV","potentialAction":[{"@type":"ReadAction","target":[["https:\/\/www.ventbunkers.lv\/index.php\/konkursi\/"]]}]},{"@type":"BreadcrumbList","@id":"https:\/\/www.ventbunkers.lv\/index.php\/konkursi\/#breadcrumb","itemListElement":[{"@type":"ListItem","position":1,"name":"Home","item":"https:\/\/www.ventbunkers.lv\/"},{"@type":"ListItem","position":2,"name":"Tenders"}]},{"@type":"WebSite","@id":"https:\/\/www.ventbunkers.lv\/#website","url":"https:\/\/www.ventbunkers.lv\/","name":"Ventbunkers","description":"Ventbunkers - Ventspils","potentialAction":[{"@type":"SearchAction","target":{"@type":"EntryPoint","urlTemplate":"https:\/\/www.ventbunkers.lv\/?s={search_term_string}"},"query-input":{"@type":"PropertyValueSpecification","valueRequired":true,"valueName":"search_term_string"}}],"inLanguage":"lv-LV"}]}},"_links":{"self":[{"href":"https:\/\/www.ventbunkers.lv\/index.php\/wp-json\/wp\/v2\/pages\/385","targetHints":{"allow":["GET"]}}],"collection":[{"href":"https:\/\/www.ventbunkers.lv\/index.php\/wp-json\/wp\/v2\/pages"}],"about":[{"href":"https:\/\/www.ventbunkers.lv\/index.php\/wp-json\/wp\/v2\/types\/page"}],"author":[{"embeddable":true,"href":"https:\/\/www.ventbunkers.lv\/index.php\/wp-json\/wp\/v2\/users\/3"}],"replies":[{"embeddable":true,"href":"https:\/\/www.ventbunkers.lv\/index.php\/wp-json\/wp\/v2\/comments?post=385"}],"version-history":[{"count":0,"href":"https:\/\/www.ventbunkers.lv\/index.php\/wp-json\/wp\/v2\/pages\/385\/revisions"}],"wp:attachment":[{"href":"https:\/\/www.ventbunkers.lv\/index.php\/wp-json\/wp\/v2\/media?parent=385"}],"curies":[{"name":"wp","href":"https:\/\/api.w.org\/{rel}","templated":true}]}}