{"id":172,"date":"2012-11-24T10:47:48","date_gmt":"2012-11-24T08:47:48","guid":{"rendered":"http:\/\/www.ventbunkers.lv\/?page_id=172"},"modified":"2016-08-24T08:55:52","modified_gmt":"2016-08-24T06:55:52","slug":"finanses-investicijas-projekti","status":"publish","type":"page","link":"https:\/\/www.ventbunkers.lv\/index.php\/ventbunkers-apraksts\/finanses-investicijas-projekti\/","title":{"rendered":"Finanses, Invest\u012bcijas, Projekti"},"content":{"rendered":"<p><\/p>\n<p align=\"justify\">AS \u201cVentbunkers\u201d apkopotie audit\u0113tie finan\u0161u rezult\u0101ti par 2015. gadu liecina, ka apgroz\u012bjums 2015. gad\u0101 ir sasniedzis 58.6 miljonus eiro. Apgroz\u012bjuma pieaugums sasniegts, galvenok\u0101rt, pateicoties tum\u0161o naftas produktu p\u0101rkrau\u0161anas apjomam, kas, sal\u012bdzinot ar 2014. gadu, pieauga par 17% un 2015. gad\u0101 sasniedza 2.54 miljonus tonnu. Gai\u0161ie naftas produkti 2015. gad\u0101 tika p\u0101rkrauti 0.4 miljonu tonnu apjom\u0101, kas ir gandr\u012bz 2 reizes vair\u0101k nek\u0101 vienu gadu iepriek\u0161. Kopum\u0101 AS \u201cVentbunkers\u201d 2015. gada audit\u0113tie rezult\u0101ti liecina, ka sare\u017e\u0123\u012btajos ekonomiskajos un \u0123eopolitiskajos apst\u0101k\u013cos uz\u0146\u0113mumam ir izdevies notur\u0113t sal\u012bdzino\u0161i stabilu tirgus da\u013cu un sniegto pakalpojumu apjomu. <\/p>\n<p>&nbsp;<\/p>\n<p align=\"justify\">P\u0101rkrau\u0161anas termin\u0101l\u012b 2015. gada laik\u0101 nep\u0101rtraukti biju\u0161i nodarbin\u0101ti vair\u0101k nek\u0101 320 darbinieki un kop\u0113j\u0101 visu samaks\u0101to nodok\u013cu summa valsts un pa\u0161vald\u012bbas bud\u017eetos 2015. gada laik\u0101 p\u0101rsniedza 3.7 miljonus eiro.<\/p>\n<h2><a href=\"http:\/\/www.ventbunkers.lv\/wp-content\/uploads\/2016\/2015apLV.jpg\"><img loading=\"lazy\" decoding=\"async\" class=\"aligncenter size-full wp-image-179\" title=\"Apgroz\u012bjuma dinamika\" src=\"http:\/\/www.ventbunkers.lv\/wp-content\/uploads\/2016\/2015apLV.jpg\" alt=\"\" width=\"593\" height=\"344\" \/><\/a><\/h2>\n<h2>Invest\u012bcijas<\/h2>\n<p align=\"justify\">Invest\u012bcijas p\u0101rkrau\u0161anas termin\u0101\u013ca infrastrukt\u016bras uztur\u0113\u0161ana tehnisk\u0101 k\u0101rt\u012bb\u0101 un pak\u0101peniska tehnolo\u0123iju moderniz\u0113\u0161ana ir viens no AS \u201cVentbunkers\u201d strat\u0113\u0123isk\u0101s att\u012bst\u012bbas st\u016brakme\u0146iem. S\u0101kot ar 2012. gadu \u201cVentbunkers\u201d ir pak\u0101peniski ats\u0101kusi k\u0101pin\u0101t ikgad\u0113jo invest\u012bciju apjomu, kas bija sarucis kop\u0161 2008. gada, kad da\u013c\u0113ji tika pabeigts viens no b\u016btisk\u0101kajiem projektiem termin\u0101\u013ca att\u012bst\u012bb\u0101 \u2013 7. rezervu\u0101ru parka papla\u0161in\u0101\u0161ana. 2013. gad\u0101 un 2014. gad\u0101 AS \u201cVentbunkers\u201d nosl\u0113dza l\u012bgumus ar Ventspils br\u012bvostas p\u0101rvaldi par ieguld\u012bjumu veik\u0161anu br\u012bvostas teritorij\u0101, paredzot laika period\u0101 no 2014. gada l\u012bdz 2018. gadam veikt b\u016btiskus ieguld\u012bjumus, sa\u0146emot par to likum\u0101 paredz\u0113t\u0101s nodok\u013cu atlaides.<\/p>\n<p>&nbsp;<\/p>\n<p align=\"justify\">\u00a02014. gad\u0101 tika veikti tehnolo\u0123iski uzlabojumi termin\u0101l\u012b, lai vienlaic\u012bgi nodro\u0161in\u0101tu vair\u0101ku veidu gai\u0161o naftas produktu vienlaic\u012bgu uzglab\u0101\u0161anu un p\u0101rkrau\u0161anu, taj\u0101 skait\u0101 biod\u012bze\u013cdegvielas uzglab\u0101\u0161anu un p\u0101rkrau\u0161anu. T\u0101pat ir ieg\u016btas valsts atbild\u012bgo iest\u0101\u017eu at\u013caujas, lai klienta interes\u0113s var\u0113tu veikt da\u017e\u0101du gai\u0161o naftas produktu veidu sajauk\u0161anu p\u0101rkrau\u0161anas proces\u0101, ieg\u016bstot degvielu ar nepiecie\u0161amajiem kvalit\u0101tes r\u0101d\u012bt\u0101jiem. 2015. gad\u0101 AS \u201cVentbunkers\u201d termin\u0101\u013ca tehnolo\u0123ij\u0101s veica ilgtermi\u0146a ieguld\u012bjumus 1.6 miljonu eiro apm\u0113r\u0101, turpinot moderniz\u0113t termin\u0101\u013ca tehnolo\u0123iskos procesus, taj\u0101 skait\u0101 palielinot s\u016bk\u0146u staciju jaudas, k\u0101 ar\u012b realiz\u0113jot vair\u0101kus ar ugunsdro\u0161\u012bbu, vides aizsardz\u012bbu un ekolo\u0123isko dro\u0161\u012bbu saist\u012btus projektus.<\/p>\n<h2><a href=\"http:\/\/www.ventbunkers.lv\/wp-content\/uploads\/2016\/2015iegLV.jpg\"><img loading=\"lazy\" decoding=\"async\" class=\"aligncenter size-full wp-image-179\" title=\"Invest\u012bciju pl\u0101ns\" src=\"http:\/\/www.ventbunkers.lv\/wp-content\/uploads\/2016\/2015iegLV.jpg\" alt=\"\" width=\"593\" height=\"344\" \/><\/a><\/h2>\n<h2>Projekti<\/h2>\n<p align=\"justify\">AS \u201cVentbunkers\u201d vad\u012bba turpina intens\u012bvi str\u0101d\u0101t, lai \u0161\u012b br\u012b\u017ea visnota\u013c sare\u017e\u0123\u012btaj\u0101 ekonomiskaj\u0101 un \u0123eopolitiskaj\u0101 situ\u0101cij\u0101 saglab\u0101tu termin\u0101\u013ca ekonomisk\u0101s un tehnolo\u0123isk\u0101s priek\u0161roc\u012bbas un p\u0101rkrau\u0161anas apjomi b\u016btu vismaz eso\u0161aj\u0101 l\u012bmen\u012b ar\u012b turpm\u0101kajos gados. Viens no galvenajiem m\u0113r\u0137iem ir palielin\u0101t p\u0101rkrau\u0161anas apjomus noteiktos tirgus segmentos, pozicion\u0113jot sevi k\u0101 noz\u012bm\u012bgu partneri ar konkur\u0113tsp\u0113j\u012bgiem nosac\u012bjumiem.<\/p>\n<p>&nbsp;<\/p>\n<p align=\"justify\">AS \u201cVentbunkers\u201d pl\u0101no past\u0101v\u012bgi pilnveidot savas tehnolo\u0123ijas, palielinot siltumener\u0123ijas izmanto\u0161anas efektivit\u0101ti, samazinot ener\u0123ijas pat\u0113ri\u0146u un izme\u0161u apjomus uz p\u0101rkrauto naftas produktu vien\u012bbu un uzlabojot riska vad\u012bbu. Att\u012bst\u012bbas koncepcija paredz:<\/p>\n<p>\u00a0 \u00a0 \u2013 eso\u0161\u0101s teritorijas racion\u0101lu pl\u0101no\u0161anu un apb\u016bvi;<br \/> \u00a0 \u00a0 \u2013 jaunu objektu b\u016bvniec\u012bbu ar m\u0113r\u0137i palielin\u0101t p\u0101rkrau\u0161anas jaudu;<br \/> \u00a0 \u00a0 \u2013 eso\u0161o, novecojo\u0161o un nepiem\u0113roto b\u016bvju demont\u0101\u017eu un jaunu b\u016bvju celtniec\u012bbu;<br \/> \u00a0 \u00a0 \u2013 atsevi\u0161\u0137u eso\u0161o objektu rekonstrukciju.<\/p>\n<p>&nbsp;<\/p>\n<p align=\"justify\">AS \u201cVentbunkers\u201d jau pa\u0161laik tiek str\u0101d\u0101ts pie inovat\u012bviem tehniskiem risin\u0101jumiem naftas produktu pie\u0146em\u0161anas un p\u0101rkrau\u0161anas jaudas uzlabo\u0161anai ziemas period\u0101 pie zem\u0101m gaisa temperat\u016br\u0101m. Tiek analiz\u0113tas ar\u012b iesp\u0113jas izmantot l\u0113t\u0101kus, efekt\u012bv\u0101kus un videi draudz\u012bg\u0101kus siltumener\u0123ijas nes\u0113jus, ko izmanot tehnolo\u0123iskajos procesos un ra\u017eo\u0161an\u0101.<\/p>\n<p>&nbsp;<\/p>\n<p align=\"justify\">T\u0101pat noz\u012bm\u012bga priorit\u0101te ir ar\u012b vides aizsardz\u012bba, uzlabojot eso\u0161o situ\u0101ciju un veicot prevent\u012bvas darb\u012bbas, k\u0101 rezult\u0101t\u0101 jau \u0161obr\u012bd tiek mekl\u0113ti efekt\u012bv\u0101kie tehnolo\u0123iskie risin\u0101jumi, lai realiz\u0113tu naftas produktu tvaiku sav\u0101k\u0161anas infrastrukt\u016bras izveidi termin\u0101l\u012b.<\/p>\n<p>&nbsp;<\/p>\n<p><\/p>","protected":false},"excerpt":{"rendered":"<p>AS \u201cVentbunkers\u201d apkopotie audit\u0113tie finan\u0161u rezult\u0101ti par 2015. gadu liecina, ka apgroz\u012bjums 2015. gad\u0101 ir sasniedzis 58.6 miljonus eiro. Apgroz\u012bjuma pieaugums sasniegts, galvenok\u0101rt, pateicoties tum\u0161o naftas produktu p\u0101rkrau\u0161anas apjomam, kas, sal\u012bdzinot ar 2014. gadu, pieauga par 17% un 2015. gad\u0101 &hellip;<\/p>\n","protected":false},"author":5,"featured_media":0,"parent":102,"menu_order":0,"comment_status":"open","ping_status":"open","template":"","meta":{"_acf_changed":false,"footnotes":""},"class_list":["post-172","page","type-page","status-publish","hentry"],"acf":[],"yoast_head":"<!-- This site is optimized with the Yoast SEO plugin v27.2 - https:\/\/yoast.com\/product\/yoast-seo-wordpress\/ -->\r\n<title>Finanses, Invest\u012bcijas, Projekti - Ventbunkers<\/title>\r\n<meta name=\"robots\" content=\"index, follow, max-snippet:-1, max-image-preview:large, max-video-preview:-1\" \/>\r\n<link rel=\"canonical\" href=\"https:\/\/www.ventbunkers.lv\/index.php\/ventbunkers-apraksts\/finanses-investicijas-projekti\/\" \/>\r\n<meta property=\"og:locale\" content=\"lv_LV\" \/>\r\n<meta property=\"og:type\" content=\"article\" \/>\r\n<meta property=\"og:title\" content=\"Finanses, Invest\u012bcijas, Projekti - Ventbunkers\" \/>\r\n<meta property=\"og:description\" content=\"AS \u201cVentbunkers\u201d apkopotie audit\u0113tie finan\u0161u rezult\u0101ti par 2015. gadu liecina, ka apgroz\u012bjums 2015. gad\u0101 ir sasniedzis 58.6 miljonus eiro. Apgroz\u012bjuma pieaugums sasniegts, galvenok\u0101rt, pateicoties tum\u0161o naftas produktu p\u0101rkrau\u0161anas apjomam, kas, sal\u012bdzinot ar 2014. gadu, pieauga par 17% un 2015. gad\u0101 &hellip;\" \/>\r\n<meta property=\"og:url\" content=\"https:\/\/www.ventbunkers.lv\/index.php\/ventbunkers-apraksts\/finanses-investicijas-projekti\/\" \/>\r\n<meta property=\"og:site_name\" content=\"Ventbunkers\" \/>\r\n<meta property=\"article:modified_time\" content=\"2016-08-24T06:55:52+00:00\" \/>\r\n<meta property=\"og:image\" content=\"http:\/\/www.ventbunkers.lv\/wp-content\/uploads\/2016\/2015apLV.jpg\" \/>\r\n<meta name=\"twitter:card\" content=\"summary_large_image\" \/>\r\n<meta name=\"twitter:label1\" content=\"Est. reading time\" \/>\n\t<meta name=\"twitter:data1\" content=\"6 minutes\" \/>\r\n<script type=\"application\/ld+json\" class=\"yoast-schema-graph\">{\"@context\":\"https:\/\/schema.org\",\"@graph\":[{\"@type\":\"WebPage\",\"@id\":\"https:\/\/www.ventbunkers.lv\/index.php\/ventbunkers-apraksts\/finanses-investicijas-projekti\/\",\"url\":\"https:\/\/www.ventbunkers.lv\/index.php\/ventbunkers-apraksts\/finanses-investicijas-projekti\/\",\"name\":\"Finanses, Invest\u012bcijas, Projekti - Ventbunkers\",\"isPartOf\":{\"@id\":\"https:\/\/www.ventbunkers.lv\/#website\"},\"primaryImageOfPage\":{\"@id\":\"https:\/\/www.ventbunkers.lv\/index.php\/ventbunkers-apraksts\/finanses-investicijas-projekti\/#primaryimage\"},\"image\":{\"@id\":\"https:\/\/www.ventbunkers.lv\/index.php\/ventbunkers-apraksts\/finanses-investicijas-projekti\/#primaryimage\"},\"thumbnailUrl\":\"http:\/\/www.ventbunkers.lv\/wp-content\/uploads\/2016\/2015apLV.jpg\",\"datePublished\":\"2012-11-24T08:47:48+00:00\",\"dateModified\":\"2016-08-24T06:55:52+00:00\",\"breadcrumb\":{\"@id\":\"https:\/\/www.ventbunkers.lv\/index.php\/ventbunkers-apraksts\/finanses-investicijas-projekti\/#breadcrumb\"},\"inLanguage\":\"lv-LV\",\"potentialAction\":[{\"@type\":\"ReadAction\",\"target\":[[\"https:\/\/www.ventbunkers.lv\/index.php\/ventbunkers-apraksts\/finanses-investicijas-projekti\/\"]]}]},{\"@type\":\"ImageObject\",\"inLanguage\":\"lv-LV\",\"@id\":\"https:\/\/www.ventbunkers.lv\/index.php\/ventbunkers-apraksts\/finanses-investicijas-projekti\/#primaryimage\",\"url\":\"http:\/\/www.ventbunkers.lv\/wp-content\/uploads\/2016\/2015apLV.jpg\",\"contentUrl\":\"http:\/\/www.ventbunkers.lv\/wp-content\/uploads\/2016\/2015apLV.jpg\"},{\"@type\":\"BreadcrumbList\",\"@id\":\"https:\/\/www.ventbunkers.lv\/index.php\/ventbunkers-apraksts\/finanses-investicijas-projekti\/#breadcrumb\",\"itemListElement\":[{\"@type\":\"ListItem\",\"position\":1,\"name\":\"Home\",\"item\":\"https:\/\/www.ventbunkers.lv\/\"},{\"@type\":\"ListItem\",\"position\":2,\"name\":\"Ventbunkers apraksts\",\"item\":\"https:\/\/www.ventbunkers.lv\/index.php\/ventbunkers-apraksts\/\"},{\"@type\":\"ListItem\",\"position\":3,\"name\":\"Finanses, Invest\u012bcijas, Projekti\"}]},{\"@type\":\"WebSite\",\"@id\":\"https:\/\/www.ventbunkers.lv\/#website\",\"url\":\"https:\/\/www.ventbunkers.lv\/\",\"name\":\"Ventbunkers\",\"description\":\"Ventbunkers - Ventspils\",\"potentialAction\":[{\"@type\":\"SearchAction\",\"target\":{\"@type\":\"EntryPoint\",\"urlTemplate\":\"https:\/\/www.ventbunkers.lv\/?s={search_term_string}\"},\"query-input\":{\"@type\":\"PropertyValueSpecification\",\"valueRequired\":true,\"valueName\":\"search_term_string\"}}],\"inLanguage\":\"lv-LV\"}]}<\/script>\r\n<!-- \/ Yoast SEO plugin. -->","yoast_head_json":{"title":"Finanses, Invest\u012bcijas, Projekti - Ventbunkers","robots":{"index":"index","follow":"follow","max-snippet":"max-snippet:-1","max-image-preview":"max-image-preview:large","max-video-preview":"max-video-preview:-1"},"canonical":"https:\/\/www.ventbunkers.lv\/index.php\/ventbunkers-apraksts\/finanses-investicijas-projekti\/","og_locale":"lv_LV","og_type":"article","og_title":"Finanses, Invest\u012bcijas, Projekti - Ventbunkers","og_description":"AS \u201cVentbunkers\u201d apkopotie audit\u0113tie finan\u0161u rezult\u0101ti par 2015. gadu liecina, ka apgroz\u012bjums 2015. gad\u0101 ir sasniedzis 58.6 miljonus eiro. Apgroz\u012bjuma pieaugums sasniegts, galvenok\u0101rt, pateicoties tum\u0161o naftas produktu p\u0101rkrau\u0161anas apjomam, kas, sal\u012bdzinot ar 2014. gadu, pieauga par 17% un 2015. gad\u0101 &hellip;","og_url":"https:\/\/www.ventbunkers.lv\/index.php\/ventbunkers-apraksts\/finanses-investicijas-projekti\/","og_site_name":"Ventbunkers","article_modified_time":"2016-08-24T06:55:52+00:00","og_image":[{"url":"http:\/\/www.ventbunkers.lv\/wp-content\/uploads\/2016\/2015apLV.jpg","type":"","width":"","height":""}],"twitter_card":"summary_large_image","twitter_misc":{"Est. reading time":"6 minutes"},"schema":{"@context":"https:\/\/schema.org","@graph":[{"@type":"WebPage","@id":"https:\/\/www.ventbunkers.lv\/index.php\/ventbunkers-apraksts\/finanses-investicijas-projekti\/","url":"https:\/\/www.ventbunkers.lv\/index.php\/ventbunkers-apraksts\/finanses-investicijas-projekti\/","name":"Finanses, Invest\u012bcijas, Projekti - Ventbunkers","isPartOf":{"@id":"https:\/\/www.ventbunkers.lv\/#website"},"primaryImageOfPage":{"@id":"https:\/\/www.ventbunkers.lv\/index.php\/ventbunkers-apraksts\/finanses-investicijas-projekti\/#primaryimage"},"image":{"@id":"https:\/\/www.ventbunkers.lv\/index.php\/ventbunkers-apraksts\/finanses-investicijas-projekti\/#primaryimage"},"thumbnailUrl":"http:\/\/www.ventbunkers.lv\/wp-content\/uploads\/2016\/2015apLV.jpg","datePublished":"2012-11-24T08:47:48+00:00","dateModified":"2016-08-24T06:55:52+00:00","breadcrumb":{"@id":"https:\/\/www.ventbunkers.lv\/index.php\/ventbunkers-apraksts\/finanses-investicijas-projekti\/#breadcrumb"},"inLanguage":"lv-LV","potentialAction":[{"@type":"ReadAction","target":[["https:\/\/www.ventbunkers.lv\/index.php\/ventbunkers-apraksts\/finanses-investicijas-projekti\/"]]}]},{"@type":"ImageObject","inLanguage":"lv-LV","@id":"https:\/\/www.ventbunkers.lv\/index.php\/ventbunkers-apraksts\/finanses-investicijas-projekti\/#primaryimage","url":"http:\/\/www.ventbunkers.lv\/wp-content\/uploads\/2016\/2015apLV.jpg","contentUrl":"http:\/\/www.ventbunkers.lv\/wp-content\/uploads\/2016\/2015apLV.jpg"},{"@type":"BreadcrumbList","@id":"https:\/\/www.ventbunkers.lv\/index.php\/ventbunkers-apraksts\/finanses-investicijas-projekti\/#breadcrumb","itemListElement":[{"@type":"ListItem","position":1,"name":"Home","item":"https:\/\/www.ventbunkers.lv\/"},{"@type":"ListItem","position":2,"name":"Ventbunkers apraksts","item":"https:\/\/www.ventbunkers.lv\/index.php\/ventbunkers-apraksts\/"},{"@type":"ListItem","position":3,"name":"Finanses, Invest\u012bcijas, Projekti"}]},{"@type":"WebSite","@id":"https:\/\/www.ventbunkers.lv\/#website","url":"https:\/\/www.ventbunkers.lv\/","name":"Ventbunkers","description":"Ventbunkers - Ventspils","potentialAction":[{"@type":"SearchAction","target":{"@type":"EntryPoint","urlTemplate":"https:\/\/www.ventbunkers.lv\/?s={search_term_string}"},"query-input":{"@type":"PropertyValueSpecification","valueRequired":true,"valueName":"search_term_string"}}],"inLanguage":"lv-LV"}]}},"_links":{"self":[{"href":"https:\/\/www.ventbunkers.lv\/index.php\/wp-json\/wp\/v2\/pages\/172","targetHints":{"allow":["GET"]}}],"collection":[{"href":"https:\/\/www.ventbunkers.lv\/index.php\/wp-json\/wp\/v2\/pages"}],"about":[{"href":"https:\/\/www.ventbunkers.lv\/index.php\/wp-json\/wp\/v2\/types\/page"}],"author":[{"embeddable":true,"href":"https:\/\/www.ventbunkers.lv\/index.php\/wp-json\/wp\/v2\/users\/5"}],"replies":[{"embeddable":true,"href":"https:\/\/www.ventbunkers.lv\/index.php\/wp-json\/wp\/v2\/comments?post=172"}],"version-history":[{"count":0,"href":"https:\/\/www.ventbunkers.lv\/index.php\/wp-json\/wp\/v2\/pages\/172\/revisions"}],"up":[{"embeddable":true,"href":"https:\/\/www.ventbunkers.lv\/index.php\/wp-json\/wp\/v2\/pages\/102"}],"wp:attachment":[{"href":"https:\/\/www.ventbunkers.lv\/index.php\/wp-json\/wp\/v2\/media?parent=172"}],"curies":[{"name":"wp","href":"https:\/\/api.w.org\/{rel}","templated":true}]}}